?
45
What is the remainder when 3082923 is divided by 110103?
39
Calculate the remainder when 10480728 is divided by 2447.
227
What is the remainder when 205167866 is divided by 6553?
6542
Calculate the remainder when 67519694 is divided by 3281.
3276
Calculate the remainder when 93792182 is divided by 46896077.
28
Calculate the remainder when 2745059 is divided by 11343.
53
What is the remainder when 7204396 is divided by 1229?
1227
Calculate the remainder when 11147535 is divided by 27.
18
What is the remainder when 16436 is divided by 625?
186
Calculate the remainder when 7715920 is divided by 1917.
1912
Calculate the remainder when 313767 is divided by 1650.
267
Calculate the remainder when 79609661 is divided by 399.
383
Calculate the remainder when 4148597 is divided by 435.
2
What is the remainder when 232764 is divided by 1182?
1092
Calculate the remainder when 6141601 is divided by 558320.
81
What is the remainder when 722697 is divided by 188?
25
Calculate the remainder when 239638627 is divided by 8558522.
11
Calculate the remainder when 7510283 is divided by 237.
227
What is the remainder when 216663 is divided by 108299?
65
Calculate the remainder when 399908406 is divided by 6821.
6818
What is the remainder when 69170129 is divided by 34585064?
1
Calculate the remainder when 56694 is divided by 18864.
102
Calculate the remainder when 231031650 is divided by 102544.
18
Calculate the remainder when 20027 is divided by 61.
19
Calculate the remainder when 131705 is divided by 4786.
2483
Calculate the remainder when 26687 is divided by 1371.
638
What is the remainder when 310467 is divided by 693?
3
Calculate the remainder when 17883935 is divided by 864.
863
What is the remainder when 489173 is divided by 58?
1
What is the remainder when 1925414 is divided by 1099?
1065
What is the remainder when 184984 is divided by 126?
16
Calculate the remainder when 593059 is divided by 173.
15
Calculate the remainder when 2303671 is divided by 156.
19
What is the remainder when 91425 is divided by 91269?
156
What is the remainder when 45804 is divided by 14541?
2181
What is the remainder when 1608247 is divided by 15962?
12047
What is the remainder when 523421 is divided by 284?
9
Calculate the remainder when 124339 is divided by 224.
19
Calculate the remainder when 112740180 is divided by 22.
14
What is the remainder when 22963 is divided by 7603?
154
What is the remainder when 34586 is divided by 3434?
246
What is the remainder when 1100308 is divided by 571?
562
Calculate the remainder when 7026489 is divided by 877.
842
Calculate the remainder when 157292634 is divided by 89.
86
What is the remainder when 254657 is divided by 224?
193
What is the remainder when 1486328 is divided by 495411?
95
Calculate the remainder when 156246 is divided by 11432.
7630
Calculate the remainder when 2345124 is divided by 167507.
26
What is the remainder when 155307 is divided by 595?
12
What is the remainder when 48308823 is divided by 24154411?
1
What is the remainder when 1617067 is divided by 1142?
1137
Calculate the remainder when 7215310 is divided by 801701.
1
Calculate the remainder when 92514 is divided by 92311.
203
What is the remainder when 36285500 is divided by 41?
8
Calculate the remainder when 84457807 is divided by 83.
78
What is the remainder when 80395593 is divided by 6184276?
5
Calculate the remainder when 163289579 is divided by 1158.
1157
What is the remainder when 3374681 is divided by 1924?
1909
What is the remainder when 190939 is divided by 18943?
1509
What is the remainder when 275721 is divided by 8320?
1161
Calculate the remainder when 1909138 is divided by 8334.
652
What is the remainder when 1803244 is divided by 57?
49
What is the remainder when 449016 is divided by 86?
10
What is the remainder when 9278882 is divided by 3139?
3137
Calculate the remainder when 55324999 is divided by 3125.
3124
What is the remainder when 462617 is divided by 608?
537
What is the remainder when 127279 is divided by 4246?
4145
What is the remainder when 240328 is divided by 10122?
7522
Calculate the remainder when 11792448 is divided by 33.
30
Calculate the remainder when 368787 is divided by 15362.
99
What is the remainder when 30022885 is divided by 551?
548
What is the remainder when 1646532 is divided by 432?
180
What is the remainder when 245782 is divided by 122702?
378
Calculate the remainder when 1987147 is divided by 1842.
1471
What is the remainder when 3042994 is divided by 2370?
2284
What is the remainder when 1883356 is divided by 941657?
42
Calculate the remainder when 369452328 is divided by 65.
63
Calculate the remainder when 2496603 is divided by 56740.
43
Calculate the remainder when 56993 is divided by 464.
385
Calculate the remainder when 57132 is divided by 834.
420
Calculate the remainder when 104053 is divided by 25995.
73
Calculate the remainder when 131237 is divided by 13109.
147
Calculate the remainder when 6433073 is divided by 354.
185
What is the remainder when 43097736 is divided by 17?
16
What is the remainder when 36099 is divided by 1505?
1484
Calculate the remainder when 404596 is divided by 3613.
3553
What is the remainder when 7334802 is divided by 1047826?
20
What is the remainder when 27500854 is divided by 49?
45
Calculate the remainder when 329024 is divided by 1658.
740
Calculate the remainder when 1799 is divided by 864.
71
Calculate the remainder when 2360709 is divided by 152.
149
Calculate the remainder when 827157074 is divided by 4249.
4244
What is the remainder when 65803 is divided by 30815?
4173
What is the remainder when 17984661 is divided by 35333?
164
What is the remainder when 38039 is divided by 7435?
864
Calculate the remainder when 154567 is divided by 77035.
497
Calculate the remainder when 40729 is divided by 2385.
184
What is the remainder when 55403 is divided by 11007?
368
What is the remainder when 113838 is divided by 111539?
2299
Calculate the remainder when 424517361 is divided by 8490347.
11
What is the remainder when 43508 is divided by 2319?
1766
Calculate the remainder when 950733 is divided by 73070.
823
What is the remainder when 4757251 is divided by 36?
31
What is the remainder when 53029 is divided by 2268?
865
Calculate the remainder when 1862222 is divided by 18.
14
What is the remainder when 70817 is divided by 1728?
1697
Calculate the remainder when 25301696 is divided by 68.
52
Calculate the remainder when 280273 is divided by 277896.
2377
Calculate the remainder when 837696812 is divided by 12.
8
What is the remainder when 13946 is divided by 1796?
1374
Calculate the remainder when 133417288 is divided by 1656.
1648
What is the remainder when 22332 is divided by 5966?
4434
Calculate the remainder when 43312149 is divided by 67.
66
Calculate the remainder when 3531879 is divided by 1.
0
What is the remainder when 13755375 is divided by 8581?
32
Calculate the remainder when 64086772 is divided by 73.
72
Calculate the remainder when 156074146 is divided by 419.
417
Calculate the remainder when 81276849 is divided by 50.
49
Calculate the remainder when 150073 is divided by 763.
525
What is the remainder when 32702070 is divided by 17?
3
Calculate the remainder when 149433 is divided by 622.
153
Calculate the remainder when 83165 is divided by 5793.
2063
Calculate the remainder when 10762681 is divided by 151.
5
What is the remainder when 2496779 is divided by 44?
43
What is the remainder when 41787 is divided by 20749?
289
Calculate the remainder when 3679631 is divided by 774.
35
What is the remainder when 198877 is divided by 1363?
1242
What is the remainder when 185243 is divided by 23150?
43
What is the remainder when 720658 is divided by 1872?
1810
Calculate the remainder when 1496042 is divided by 18.
8
Calculate the remainder when 108604916 is divided by 52.
4
What is the remainder when 3198625 is divided by 118?
117
Calculate the remainder when 3784217 is divided by 420468.
5
What is the remainder when 2634126 is divided by 166?
38
What is the remainder when 4877330 is divided by 268?
266
What is the remainder when 12731222 is divided by 95?
82
What is the remainder when 7217573 is divided by 584?
501
What is the remainder when 57436 is divided by 43?
31
C